{"id":15,"date":"2025-07-19T11:08:14","date_gmt":"2025-07-19T11:08:14","guid":{"rendered":"https:\/\/contabilidade.click\/?page_id=15"},"modified":"2025-07-20T15:58:02","modified_gmt":"2025-07-20T15:58:02","slug":"contact-us","status":"publish","type":"page","link":"https:\/\/contabilidade.zip\/?page_id=15","title":{"rendered":"Contact Us"},"content":{"rendered":"\t\t<div data-elementor-type=\"wp-page\" data-elementor-id=\"15\" class=\"elementor elementor-15\" data-elementor-post-type=\"page\">\n\t\t\t\t<div class=\"elementor-element elementor-element-47cae44 e-flex e-con-boxed e-con e-parent\" data-id=\"47cae44\" data-element_type=\"container\" data-e-type=\"container\">\n\t\t\t\t\t<div class=\"e-con-inner\">\n\t\t\t\t<div class=\"elementor-element elementor-element-1c5566d elementor-widget elementor-widget-spacer\" data-id=\"1c5566d\" data-element_type=\"widget\" data-e-type=\"widget\" data-widget_type=\"spacer.default\">\n\t\t\t\t\t\t\t<div class=\"elementor-spacer\">\n\t\t\t<div class=\"elementor-spacer-inner\"><\/div>\n\t\t<\/div>\n\t\t\t\t\t\t<\/div>\n\t\t\t\t\t<\/div>\n\t\t\t\t<\/div>\n\t\t<div class=\"elementor-element elementor-element-24c16cf6 e-flex e-con-boxed e-con e-parent\" data-id=\"24c16cf6\" data-element_type=\"container\" data-e-type=\"container\">\n\t\t\t\t\t<div class=\"e-con-inner\">\n\t\t<div class=\"elementor-element elementor-element-71f79242 e-con-full e-flex e-con e-child\" data-id=\"71f79242\" data-element_type=\"container\" data-e-type=\"container\">\n\t\t\t\t<div class=\"elementor-element elementor-element-4083a1f8 elementor-widget__width-initial elementor-invisible elementor-widget elementor-widget-heading\" data-id=\"4083a1f8\" data-element_type=\"widget\" data-e-type=\"widget\" data-settings=\"{&quot;_animation&quot;:&quot;fadeIn&quot;}\" data-widget_type=\"heading.default\">\n\t\t\t\t\t<h2 class=\"elementor-heading-title elementor-size-default\">Contate-nos<\/h2>\t\t\t\t<\/div>\n\t\t\t\t<div class=\"elementor-element elementor-element-6eec4499 elementor-widget elementor-widget-text-editor\" data-id=\"6eec4499\" data-element_type=\"widget\" data-e-type=\"widget\" data-widget_type=\"text-editor.default\">\n\t\t\t\t\t\t\t\t\t<p>Adorar\u00edamos ouvir voc\u00ea.<br \/>Sinta-se \u00e0 vontade para entrar em contato conosco atrav\u00e9s dos meios abaixo.<\/p>\t\t\t\t\t\t\t\t<\/div>\n\t\t\t\t<\/div>\n\t\t<div class=\"elementor-element elementor-element-68890400 e-con-full e-flex e-con e-child\" data-id=\"68890400\" data-element_type=\"container\" data-e-type=\"container\" data-settings=\"{&quot;background_background&quot;:&quot;classic&quot;}\">\n\t\t\t\t<div class=\"elementor-element elementor-element-d9008c1 elementor-widget elementor-widget-image\" data-id=\"d9008c1\" data-element_type=\"widget\" data-e-type=\"widget\" data-widget_type=\"image.default\">\n\t\t\t\t\t\t\t\t\t\t\t\t\t\t\t<img fetchpriority=\"high\" decoding=\"async\" width=\"528\" height=\"531\" src=\"https:\/\/contabilidade.zip\/wp-content\/uploads\/sites\/4\/2025\/07\/Missao.webp\" class=\"attachment-full size-full wp-image-235\" alt=\"\" srcset=\"https:\/\/contabilidade.zip\/wp-content\/uploads\/sites\/4\/2025\/07\/Missao.webp 528w, https:\/\/contabilidade.zip\/wp-content\/uploads\/sites\/4\/2025\/07\/Missao-298x300.webp 298w, https:\/\/contabilidade.zip\/wp-content\/uploads\/sites\/4\/2025\/07\/Missao-150x150.webp 150w\" sizes=\"(max-width: 528px) 100vw, 528px\" \/>\t\t\t\t\t\t\t\t\t\t\t\t\t\t\t<\/div>\n\t\t\t\t<\/div>\n\t\t\t\t\t<\/div>\n\t\t\t\t<\/div>\n\t\t<div class=\"elementor-element elementor-element-2696f443 e-flex e-con-boxed e-con e-parent\" data-id=\"2696f443\" data-element_type=\"container\" data-e-type=\"container\">\n\t\t\t\t\t<div class=\"e-con-inner\">\n\t\t<div class=\"elementor-element elementor-element-11889d7b e-con-full e-flex e-con e-child\" data-id=\"11889d7b\" data-element_type=\"container\" data-e-type=\"container\" data-settings=\"{&quot;background_background&quot;:&quot;classic&quot;}\">\n\t\t\t\t<div class=\"elementor-element elementor-element-de400a4 elementor-widget elementor-widget-image\" data-id=\"de400a4\" data-element_type=\"widget\" data-e-type=\"widget\" data-widget_type=\"image.default\">\n\t\t\t\t\t\t\t\t\t\t\t\t\t\t\t<img decoding=\"async\" width=\"1007\" height=\"1312\" src=\"https:\/\/contabilidade.zip\/wp-content\/uploads\/sites\/4\/2025\/07\/Fundo_LOGO_CONTABh.webp\" class=\"attachment-full size-full wp-image-189\" alt=\"\" srcset=\"https:\/\/contabilidade.zip\/wp-content\/uploads\/sites\/4\/2025\/07\/Fundo_LOGO_CONTABh.webp 1007w, https:\/\/contabilidade.zip\/wp-content\/uploads\/sites\/4\/2025\/07\/Fundo_LOGO_CONTABh-230x300.webp 230w, https:\/\/contabilidade.zip\/wp-content\/uploads\/sites\/4\/2025\/07\/Fundo_LOGO_CONTABh-786x1024.webp 786w, https:\/\/contabilidade.zip\/wp-content\/uploads\/sites\/4\/2025\/07\/Fundo_LOGO_CONTABh-768x1001.webp 768w\" sizes=\"(max-width: 1007px) 100vw, 1007px\" \/>\t\t\t\t\t\t\t\t\t\t\t\t\t\t\t<\/div>\n\t\t\t\t<\/div>\n\t\t<div class=\"elementor-element elementor-element-6d81f5d7 e-con-full e-flex e-con e-child\" data-id=\"6d81f5d7\" data-element_type=\"container\" data-e-type=\"container\">\n\t\t\t\t<div class=\"elementor-element elementor-element-6124a2a4 elementor-icon-list--layout-traditional elementor-list-item-link-full_width elementor-widget elementor-widget-icon-list\" data-id=\"6124a2a4\" data-element_type=\"widget\" data-e-type=\"widget\" data-widget_type=\"icon-list.default\">\n\t\t\t\t\t\t\t<ul class=\"elementor-icon-list-items\">\n\t\t\t\t\t\t\t<li class=\"elementor-icon-list-item\">\n\t\t\t\t\t\t\t\t\t\t<span class=\"elementor-icon-list-text\"><b>Endere\u00e7o:<\/b> Rua Oscar Pedroso Horta, 653 Jardim Arpoador S\u00e3o Paulo SP CEP 05565-160<\/span>\n\t\t\t\t\t\t\t\t\t<\/li>\n\t\t\t\t\t\t\t\t<li class=\"elementor-icon-list-item\">\n\t\t\t\t\t\t\t\t\t\t<span class=\"elementor-icon-list-text\"><b>Funcionamento:<\/b> Segunda \u00e0 Sexta das 08H00 as 18H00<\/span>\n\t\t\t\t\t\t\t\t\t<\/li>\n\t\t\t\t\t\t\t\t<li class=\"elementor-icon-list-item\">\n\t\t\t\t\t\t\t\t\t\t<span class=\"elementor-icon-list-text\"><b>Telefone \/ Whatsapp:<\/b> 0800 591 9497 <br> 11 3280 - 5462  | 11 9  1289 - 8030<\/span>\n\t\t\t\t\t\t\t\t\t<\/li>\n\t\t\t\t\t\t\t\t<li class=\"elementor-icon-list-item\">\n\t\t\t\t\t\t\t\t\t\t<span class=\"elementor-icon-list-text\"><b>e-Mail:<\/b> falecom@contabilidade.click<\/span>\n\t\t\t\t\t\t\t\t\t<\/li>\n\t\t\t\t\t\t<\/ul>\n\t\t\t\t\t\t<\/div>\n\t\t\t\t<\/div>\n\t\t\t\t\t<\/div>\n\t\t\t\t<\/div>\n\t\t<div class=\"elementor-element elementor-element-157bcb2 e-flex e-con-boxed e-con e-parent\" data-id=\"157bcb2\" data-element_type=\"container\" data-e-type=\"container\">\n\t\t\t\t\t<div class=\"e-con-inner\">\n\t\t\t\t<div class=\"elementor-element elementor-element-389cd3e elementor-widget elementor-widget-html\" data-id=\"389cd3e\" data-element_type=\"widget\" data-e-type=\"widget\" data-widget_type=\"html.default\">\n\t\t\t\t\t<iframe aria-label='Cliente-Contabilidade' frameborder=\"0\" style=\"height:2300px;width:99%;border:none;\" src='https:\/\/forms.zohopublic.com\/limacorp\/form\/ClienteContabilidade\/formperma\/pOrAqNX0NgcRO7gCSkBfMJ98G6dC9vfCiVNzlT11lmU'><\/iframe>\t\t\t\t<\/div>\n\t\t\t\t\t<\/div>\n\t\t\t\t<\/div>\n\t\t\t\t<\/div>\n\t\t","protected":false},"excerpt":{"rendered":"<p>Contate-nos Adorar\u00edamos ouvir voc\u00ea.Sinta-se \u00e0 vontade para entrar em contato conosco atrav\u00e9s dos meios abaixo. Endere\u00e7o: Rua Oscar Pedroso Horta, 653 Jardim Arpoador S\u00e3o Paulo SP CEP 05565-160 Funcionamento: Segunda \u00e0 Sexta das 08H00 as 18H00 Telefone \/ Whatsapp: 0800 591 9497 11 3280 &#8211; 5462 | 11 9 1289 &#8211; 8030 e-Mail: falecom@contabilidade.click<\/p>\n","protected":false},"author":1,"featured_media":0,"parent":0,"menu_order":0,"comment_status":"closed","ping_status":"closed","template":"elementor_header_footer","meta":{"googlesitekit_rrm_CAowopzfCw:productID":"","footnotes":""},"class_list":["post-15","page","type-page","status-publish","hentry"],"jetpack_sharing_enabled":true,"_links":{"self":[{"href":"https:\/\/contabilidade.zip\/index.php?rest_route=\/wp\/v2\/pages\/15","targetHints":{"allow":["GET"]}}],"collection":[{"href":"https:\/\/contabilidade.zip\/index.php?rest_route=\/wp\/v2\/pages"}],"about":[{"href":"https:\/\/contabilidade.zip\/index.php?rest_route=\/wp\/v2\/types\/page"}],"author":[{"embeddable":true,"href":"https:\/\/contabilidade.zip\/index.php?rest_route=\/wp\/v2\/users\/1"}],"replies":[{"embeddable":true,"href":"https:\/\/contabilidade.zip\/index.php?rest_route=%2Fwp%2Fv2%2Fcomments&post=15"}],"version-history":[{"count":19,"href":"https:\/\/contabilidade.zip\/index.php?rest_route=\/wp\/v2\/pages\/15\/revisions"}],"predecessor-version":[{"id":302,"href":"https:\/\/contabilidade.zip\/index.php?rest_route=\/wp\/v2\/pages\/15\/revisions\/302"}],"wp:attachment":[{"href":"https:\/\/contabilidade.zip\/index.php?rest_route=%2Fwp%2Fv2%2Fmedia&parent=15"}],"curies":[{"name":"wp","href":"https:\/\/api.w.org\/{rel}","templated":true}]}}